{"id":23,"date":"2014-09-05T07:25:11","date_gmt":"2014-09-05T05:25:11","guid":{"rendered":"http:\/\/www.bueroservice-wendel.de\/?page_id=23"},"modified":"2016-12-06T09:18:21","modified_gmt":"2016-12-06T08:18:21","slug":"preise","status":"publish","type":"page","link":"https:\/\/www.bueroservice-wendel.de\/?page_id=23","title":{"rendered":"Preise"},"content":{"rendered":"<p><a href=\"http:\/\/www.bueroservice-wendel.de\/wp-content\/uploads\/2014\/08\/Fotolia_2192911_XS.jpg\"><img loading=\"lazy\" class=\"alignleft size-full wp-image-68\" src=\"http:\/\/www.bueroservice-wendel.de\/wp-content\/uploads\/2014\/08\/Fotolia_2192911_XS.jpg\" alt=\"Fotolia_2192911_XS\" width=\"400\" height=\"300\" srcset=\"https:\/\/www.bueroservice-wendel.de\/wp-content\/uploads\/2014\/08\/Fotolia_2192911_XS.jpg 400w, https:\/\/www.bueroservice-wendel.de\/wp-content\/uploads\/2014\/08\/Fotolia_2192911_XS-300x225.jpg 300w, https:\/\/www.bueroservice-wendel.de\/wp-content\/uploads\/2014\/08\/Fotolia_2192911_XS-200x150.jpg 200w, https:\/\/www.bueroservice-wendel.de\/wp-content\/uploads\/2014\/08\/Fotolia_2192911_XS-150x113.jpg 150w\" sizes=\"(max-width: 400px) 100vw, 400px\" \/><\/a>So teuer, wie Sie vielleicht denken, wird es gar nicht. \u00a0Die Anforderungen sind v\u00f6llig unterschiedlich, die Preise passen sich an. Es gibt zahlreiche M\u00f6glichkeiten der Preisgestaltung:<\/p>\n<ul>\n<li>Pauschalpreis pro Auftrag<\/li>\n<li>Stundenbasis<\/li>\n<li>Seitenbasis<\/li>\n<li>Preis pro 1.000 Anschl\u00e4ge<\/li>\n<li>Preis pro Diktatminute<\/li>\n<\/ul>\n<p>&nbsp;<\/p>\n<p>Gerne unterbreite ich Ihnen ein pers\u00f6nliches Angebot. Bitte sprechen Sie mich an.<\/p>\n","protected":false},"excerpt":{"rendered":"<p>So teuer, wie Sie vielleicht denken, wird es gar nicht. \u00a0Die Anforderungen sind v\u00f6llig unterschiedlich, die Preise passen sich an. Es gibt zahlreiche M\u00f6glichkeiten der Preisgestaltung: Pauschalpreis pro Auftrag Stundenbasis Seitenbasis Preis pro 1.000 Anschl\u00e4ge Preis pro Diktatminute &nbsp; Gerne unterbreite ich Ihnen ein pers\u00f6nliches Angebot. Bitte sprechen Sie mich \u2026 <a class=\"continue-reading-link\" href=\"https:\/\/www.bueroservice-wendel.de\/?page_id=23\"> Continue reading <span class=\"meta-nav\">&rarr; <\/span><\/a><\/p>\n","protected":false},"author":1,"featured_media":0,"parent":0,"menu_order":0,"comment_status":"closed","ping_status":"closed","template":"","meta":[],"_links":{"self":[{"href":"https:\/\/www.bueroservice-wendel.de\/index.php?rest_route=\/wp\/v2\/pages\/23"}],"collection":[{"href":"https:\/\/www.bueroservice-wendel.de\/index.php?rest_route=\/wp\/v2\/pages"}],"about":[{"href":"https:\/\/www.bueroservice-wendel.de\/index.php?rest_route=\/wp\/v2\/types\/page"}],"author":[{"embeddable":true,"href":"https:\/\/www.bueroservice-wendel.de\/index.php?rest_route=\/wp\/v2\/users\/1"}],"replies":[{"embeddable":true,"href":"https:\/\/www.bueroservice-wendel.de\/index.php?rest_route=%2Fwp%2Fv2%2Fcomments&post=23"}],"version-history":[{"count":4,"href":"https:\/\/www.bueroservice-wendel.de\/index.php?rest_route=\/wp\/v2\/pages\/23\/revisions"}],"predecessor-version":[{"id":97,"href":"https:\/\/www.bueroservice-wendel.de\/index.php?rest_route=\/wp\/v2\/pages\/23\/revisions\/97"}],"wp:attachment":[{"href":"https:\/\/www.bueroservice-wendel.de\/index.php?rest_route=%2Fwp%2Fv2%2Fmedia&parent=23"}],"curies":[{"name":"wp","href":"https:\/\/api.w.org\/{rel}","templated":true}]}}